80 and 57?
19
What is the highest common factor of 150 and 1250?
50
Calculate the greatest common divisor of 63 and 189.
63
What is the greatest common divisor of 7 and 84?
7
Calculate the greatest common factor of 47 and 1927.
47
What is the greatest common factor of 2400 and 840?
120
What is the highest common divisor of 364 and 100?
4
Calculate the highest common factor of 705 and 285.
15
What is the highest common factor of 176 and 1264?
16
What is the greatest common factor of 987 and 3384?
141
What is the greatest common divisor of 289 and 51?
17
What is the highest common factor of 4596 and 18?
6
What is the greatest common divisor of 20 and 20?
20
What is the highest common factor of 25182 and 9?
9
What is the greatest common factor of 95 and 209?
19
Calculate the greatest common factor of 3816 and 8.
8
Calculate the highest common divisor of 57 and 78.
3
Calculate the highest common factor of 968 and 1144.
88
Calculate the highest common divisor of 78 and 104.
26
What is the highest common divisor of 20 and 260?
20
What is the highest common divisor of 564 and 12?
12
Calculate the greatest common factor of 312 and 182.
26
Calculate the highest common factor of 69 and 36.
3
What is the highest common factor of 44 and 308?
44
What is the highest common divisor of 7298 and 41?
41
What is the greatest common divisor of 4534 and 2?
2
Calculate the highest common divisor of 448 and 378.
14
Calculate the highest common divisor of 17 and 153.
17
What is the greatest common factor of 4899 and 1065?
213
What is the greatest common factor of 28 and 112?
28
What is the greatest common divisor of 6606 and 6?
6
Calculate the highest common factor of 28 and 532.
28
Calculate the highest common divisor of 55739 and 139.
139
What is the greatest common divisor of 475 and 50?
25
Calculate the highest common divisor of 35 and 385.
35
Calculate the greatest common factor of 795 and 30.
15
What is the greatest common factor of 44 and 484?
44
What is the highest common divisor of 1404 and 144?
36
What is the greatest common divisor of 1224 and 72?
72
What is the highest common divisor of 74 and 31302?
74
What is the highest common factor of 9082 and 38?
38
What is the greatest common factor of 989 and 4429?
43
Calculate the highest common divisor of 38386 and 68.
34
What is the highest common divisor of 28 and 1463?
7
Calculate the greatest common divisor of 297 and 11.
11
Calculate the highest common divisor of 826 and 42.
14
What is the greatest common divisor of 1411 and 747?
83
Calculate the highest common factor of 2525 and 404.
101
What is the highest common divisor of 15 and 6?
3
Calculate the greatest common factor of 7 and 89.
1
What is the greatest common divisor of 448 and 288?
32
What is the highest common divisor of 338 and 416?
26
Calculate the highest common divisor of 973 and 175.
7
What is the highest common factor of 201 and 469?
67
Calculate the highest common factor of 54 and 306.
18
What is the highest common factor of 61072 and 176?
176
Calculate the greatest common factor of 564 and 36.
12
What is the greatest common factor of 780 and 10?
10
Calculate the highest common divisor of 180 and 220.
20
What is the highest common factor of 10206 and 27?
27
What is the highest common factor of 148 and 4958?
74
What is the greatest common divisor of 54 and 189?
27
Calculate the greatest common factor of 6 and 384.
6
What is the highest common divisor of 36 and 60?
12
Calculate the greatest common divisor of 56 and 70.
14
Calculate the greatest common factor of 22420 and 19.
19
What is the greatest common divisor of 11653 and 86?
43
What is the greatest common divisor of 1969 and 33?
11
What is the highest common factor of 5377 and 19?
19
What is the highest common divisor of 82 and 41?
41
Calculate the greatest common factor of 12088 and 16.
8
What is the greatest common divisor of 5678 and 68?
34
Calculate the greatest common divisor of 9 and 2007.
9
Calculate the highest common divisor of 680 and 20.
20
What is the highest common factor of 124 and 3503?
31
Calculate the greatest common divisor of 202561 and 23.
23
What is the highest common factor of 12 and 444?
12
Calculate the highest common divisor of 32 and 3188.
4
What is the greatest common factor of 18 and 1431?
9
What is the greatest common divisor of 291 and 1358?
97
Calculate the greatest common factor of 132 and 5456.
44
What is the greatest common divisor of 55 and 385?
55
What is the greatest common divisor of 2425 and 25?
25
Calculate the greatest common divisor of 1521 and 221.
13
What is the highest common divisor of 86 and 86?
86
What is the greatest common factor of 72 and 198?
18
Calculate the greatest common factor of 756 and 28.
28
Calculate the highest common divisor of 4336 and 1897.
271
What is the highest common divisor of 4965 and 1324?
331
What is the highest common factor of 494 and 377?
13
What is the greatest common divisor of 2870 and 20?
10
Calculate the greatest common factor of 26 and 650.
26
Calculate the highest common factor of 5319 and 27.
27
Calculate the highest common divisor of 2282 and 70.
14
Calculate the greatest common divisor of 16 and 80.
16
Calculate the highest common factor of 140 and 196.
28
Calculate the highest common factor of 11374 and 44.
22
Calculate the greatest common factor of 13395 and 282.
141
What is the highest common factor of 22 and 10?
2
What is the highest common divisor of 1368 and 72?
72
Calculate the greatest common divisor of 319 and 11.
11
Calculate the highest common factor of 1 and 93.
1
What is the highest common factor of 12 and 13188?
12
Calculate the highest common factor of 25 and 27725.
25
What is the greatest common divisor of 368 and 3220?
92
What is the highest common divisor of 2 and 158?
2
What is the greatest common factor of 9 and 153?
9
What is the greatest common factor of 84 and 17220?
84
Calculate the greatest common factor of 214 and 321.
107
What is the highest common divisor of 3591 and 665?
133
Calculate the highest common divisor of 256 and 664.
8
Calculate the highest common divisor of 2664 and 108.
36
Calculate the highest common divisor of 837 and 93.
93
Calculate the highest common factor of 75 and 10755.
15
What is the greatest common factor of 20 and 3190?
10
Calculate the highest common factor of 1173 and 408.
51
Calculate the highest common factor of 612 and 24.
12
What is the highest common factor of 1206 and 4623?
201
Calculate the highest common divisor of 18 and 1206.
18
What is the greatest common factor of 26 and 442?
26
What is the greatest common factor of 54 and 135?
27
Calculate the greatest common factor of 8 and 3.
1
Calculate the greatest common divisor of 6 and 813.
3
What is the greatest common divisor of 44 and 66?
22
Calculate the greatest common factor of 11 and 704.
11
What is the highest common divisor of 18 and 150?
6
What is the highest common factor of 240 and 420?
60
What is the greatest common divisor of 5 and 17?
1
Calculate the greatest common factor of 68 and 8.
4
What is the greatest common factor of 22 and 99?
11
What is the highest common divisor of 2160 and 1600?
80
Calculate the highest common factor of 156 and 84.
12
What is the highest common factor of 3390 and 150?
30
Calculate the greatest common divisor of 365 and 146.
73
What is the greatest common factor of 1517 and 369?
41
What is the highest common factor of 22 and 1958?
22
What is the greatest common divisor of 91 and 980?
7
Calculate the greatest common divisor of 539 and 98.
49
Calculate the highest common factor of 33762 and 17.
17
What is the greatest common divisor of 31949 and 86?
43
Calculate the greatest common factor of 3035 and 10.
5
Calculate the greatest common factor of 7 and 6930.
7
Calculate the highest common factor of 2057 and 34.
17
Calculate the greatest common factor of 17 and 68.
17
Calculate the greatest common divisor of 220 and 990.
110
Calculate the greatest common divisor of 1825 and 25.
25
What is the greatest common factor of 4503 and 19?
19
Calculate the greatest common divisor of 119 and 392.
7
Calculate the greatest common factor of 70 and 2842.
14
Calculate the greatest common factor of 144 and 64.
16
Calculate the greatest common factor of 236 and 295.
59
W